4 = 0. List the prime factors of 52*3/z + 1.
3
Let v = -14 + 50. List the prime factors of v.
2, 3
Let o(h) = -4*h - 3. Let v be o(-2). Suppose 0*z = z + 5*r - 33, -4*r - 107 = -v*z. What are the prime factors of z?
23
Let v(l) = 4*l + 5. Let a be v(4). Suppose -4*s + 0*n + 22 = 2*n, 5*s = -4*n + 35. Suppose -d - 5 = 0, s*u = 2*u + 3*d + a. List the prime factors of u.
2, 3
Let i(n) = 8*n. Let h be i(2). List the prime factors of (18/4)/(12/h).
2, 3
Let o = -10 + 32. Let t = o + 11. Suppose -t = -g - 2*g. What are the prime factors of g?
11
Let z(k) = -k**2 - 10*k + 3. Let t be z(-10). Suppose 47 = t*c - 19. List the prime factors of c.
2, 11
Let y = 1 - 5. List the prime factors of 4*3*(-2)/y.
2, 3
Suppose z = 2*z - 4. Suppose 0 = z*h - 5*h. Suppose -5*c = 13 + 2, y - 4*c - 18 = h. List the prime factors of y.
2, 3
Let a = -16 - -15. List the prime factors of 0/a + (-10 - -12).
2
Suppose 3*j = p - 46, -2*p - 4*j = p - 151. What are the prime factors of p?
7
Suppose 0*c - 4*o + 124 = 4*c, -o = -3*c + 101. List the prime factors of c.
3, 11
Suppose 4*f + c = 24 + 20, -3*f = -4*c - 52. Suppose 3*q + 4*x = 19, 0 = -3*x + f - 0. Let h(g) = 10*g**3 - g**2 + g - 1. List the prime factors of h(q).
3
Suppose -15*h - 720 = -19*h. What are the prime factors of h?
2, 3, 5
Let v(n) = -2*n**3 - 2*n**2 - 2*n - 3. Let z be v(-2). Let i = -4 + z. List the prime factors of i.
5
Let y(w) = -w**3 - 11*w**2 - 13*w + 11. What are the prime factors of y(-11)?
2, 7, 11
Suppose 3*q = 4*v - 4, -4*q - 4*v - 8 = -8*v. List the prime factors of q/(-4) - (2 - 17).
2
Suppose 0 = 2*j + 4*w + 9 - 41, -3*j + 36 = 2*w. What are the prime factors of j?
2, 5
Let c = -39 - -59. List the prime factors of c.
2, 5
Let l be (-2)/(-3) + 26/(-3). Let y be (-20)/(-8)*l/(-5). Let g(v) = -v**3 + 3*v**2 + 5*v - 1. List the prime factors of g(y).
3
Let d(v) = -v - 3. Let u be d(-5). Let l be (-9)/3 - (-10)/u. Suppose 2 = -2*z, -l*z = -f + 2*f - 11. What are the prime factors of f?
13
List the prime factors of 336/9 + (-4)/(-6).
2, 19
Suppose 864 = -26*y + 35*y. What are the prime factors of y?
2, 3
Let v(l) = l + 3. Let g be v(-9). What are the prime factors of (-18)/15*15/g?
3
Suppose -j = 4*j + 4*z - 8, -3*j + 18 = -2*z. Suppose 2*p + p = -2*q - 5, -j*q = -3*p - 35. Let i = 7 - q. List the prime factors of i.
2
Let w(x) = -x + x - 2*x**2 - 2*x - 3 - 3*x**2 - x**3. What are the prime factors of w(-5)?
7
Let m(f) = -13*f**2 - 11*f - 11. Let k(w) = 4*w**2 + 4*w + 4. Let z(d) = 7*k(d) + 2*m(d). Let s be z(-4). Let q = s - 0. What are the prime factors of q?
2, 7
Let n = 6 + -6. Suppose -4*z - 2*s + 120 = n, -5*z + 24 = -4*z - s. List the prime factors of z.
2, 7
List the prime factors of 1*386*(-5)/(-10).
193
Let n(w) = 5*w**2 - 2*w - 1. Let z be n(-1). Suppose -4*g + z*g = 16. Let x = g - -1. List the prime factors of x.
3
Let k(f) = f + 10. Let c(n) = -4*n - 1. Let b be c(2). Let h be k(b). Let a = h + 7. What are the prime factors of a?
2
Let q = 2 + -11. Let l = -6 - q. Suppose -l*a - 2*h - h = -36, -2*h = 3*a - 33. What are the prime factors of a?
3
Let i be (-1)/3 + (-91)/(-3). Let g(o) = -o + 11. Let p be g(11). Suppose p = 2*u + 6 - i. What are the prime factors of u?
2, 3
Suppose 3*r + 2*y - 4*y - 450 = 0, r - 161 = -3*y. Suppose -2*f + r = 4*c, -2*f + 0*f = 4. List the prime factors of c.
3, 13
Let b = -86 - -161. List the prime factors of b.
3, 5
Suppose -4*v + 62 + 202 = 0. What are the prime factors of v?
2, 3, 11
Let s = -11 + 7. What are the prime factors of (-1)/s - (-51)/4?
13
Let b(a) = -a**3 - a + 129. List the prime factors of b(0).
3, 43
Let k(u) = 28*u**2 - u + 1. Let c be k(1). Let b = 0 + c. Let v = b + -15. List the prime factors of v.
13
List the prime factors of (1 - 4)*(-1676)/12.
419
Suppose 3*a = -84 - 12. List the prime factors of 39/4 - 8/a.
2, 5
Let a be 0 + 3 - 91/7. Let j(g) = 17*g**2 + 1. Let s be j(-1). Let z = a + s. What are the prime factors of z?
2
Let z = -25 + 58. List the prime factors of z.
3, 11
Let q = 32 + 60. What are the prime factors of q?
2, 23
Let p(y) = 2*y + 2. Let q be p(-4). Let u = 13 + q. Suppose -2*s + u = -5. List the prime factors of s.
2, 3
List the prime factors of (111/12)/(1/8).
2, 37
Let a be 2*((5 - 0) + -2). What are the prime factors of -6*(3/a + -2)?
3
Let f be (-45)/(-25) + (-2)/(-10). Let i be (2/(-6))/(f/(-6)). List the prime factors of 0/3 - (-13 + i).
2, 3
Let x(d) = -1. Let l(s) = -s**2 - 8*s + 5. Let f(o) = l(o) - 2*x(o). List the prime factors of f(-8).
7
Suppose 3*c + 51 - 165 = 0. Let z be (-3)/(-6) - c/4. What are the prime factors of 415/45 + 2/z?
3
Let p(h) = -9*h - 3. Suppose 24 = -3*l + 3*q, 0 = 4*l - 0*l + 2*q + 14. Let c be p(l). Let b = -30 + c. What are the prime factors of b?
2, 3
Suppose 10 = -2*k, 0 = -2*t - 4*k + 3*k - 81. Let c = t + 84. Suppose -6*w + 13 = -4*w + b, 5*w = 2*b + c. List the prime factors of w.
2
Suppose 4 + 4 = 2*k. Suppose -k*m - 72 = -4*c, -2*c = 3*c - 3*m - 86. Suppose l + c = 2*l. What are the prime factors of l?
2
Let h(k) = 11*k**3 + k**2 - 3*k + 2. List the prime factors of h(1).
11
Let u(a) = -5*a**2 + 13*a + 12. Let d(m) = m**2 - m. Let b be (-8)/3*(-3)/2. Let h(c) = b*d(c) + u(c). List the prime factors of h(9).
2, 3
Let i(v) = 2*v**2 + v. What are the prime factors of i(-5)?
3, 5
Suppose 2*j = -2*v + 62, -3*v = -4*j + 80 + 51. Suppose 4*n = 5*i + j + 5, -4*i - 1 = -n. List the prime factors of n.
13
Suppose -3*w = -5*w + 118. Suppose 5*o + w = d, 3 = 3*o + 18. List the prime factors of d.
2, 17
Suppose -5*l = -d - 10 - 2, -4*d - 6 = l. Suppose -l*z + 18 = -4*m - 0, 4*z + 16 = -5*m. What are the prime factors of z/(2/22)*1?
11
Suppose -81 = -2*l + 5*d, 6*l - 130 = l - 2*d. What are the prime factors of l?
2, 7
Let i(q) = -q**2 + q + 57. Let v be i(0). Let s = -32 + v. List the prime factors of s.
5
Let t be 24/36 + 64/3. Suppose -17*b + t*b = 15. What are the prime factors of b?
3
Suppose 0 = -q - 3*f - 19, -q + 2*f - 6 = 3*q. Let h(x) = -x**3 - 4*x**2 + x - 4. Let p be h(q). Let d(c) = c**3 + 8*c**2 + 10. List the prime factors of d(p).
2, 5
Suppose -5*z - 5*i + 3*i - 68 = 0, 0 = 4*z - 5*i + 61. List the prime factors of 33 - (-7)/(z/(-4)).
5, 7
Let u(m) = -m**2 - 8*m + 1. Let r be u(-8). Suppose -5*y + g + 10 + r = 0, -5*y + 7 = -2*g. What are the prime factors of y?
3
Suppose 4*i = -y - y, 4*i = -3*y - 4. Let f = 22 - 4. Suppose i*b + 5*d = 4 + f, -b - 2*d = -11. What are the prime factors of b?
11
Let g = 39 - 10. What are the prime factors of g?
29
Suppose 3*a = -4*z - 26, z - 12 = a - z. Let h(f) = -f**2 - 11*f - 7. List the prime factors of h(a).
3
Suppose 3*c - 5*c - 18 = 0. Let j be -1*(-4)/2 - c. Let l = j - 2. List the prime factors of l.
3
Suppose -2*a = -2*z + 70, -z + 3*a + 73 = z. Suppose -z = 4*s - 184. Suppose i - 2*r = -r + 12, 2*r + s = 3*i. List the prime factors of i.
2, 7
Suppose -o - 3 = -3*q + 28, 5*q - 3*o = 49. List the prime factors of q + 1 + 9/3.
3, 5
Let g(p) = 11*p**2 - 3*p + 2. Let y be g(2). Suppose -b - y = -5*b. What are the prime factors of -2*1*b/(-4)?
5
Let f(q) = -q**2 - 10*q + 11. Suppose -c - 3*c - 5*w = 27, -3 = c + 5*w. List the prime factors of f(c).
3
Let p = 108 - 49. List the prime factors of p.
59
Let u = -26 + 16. Let i = 28 + u. List the prime factors of i.
2, 3
Suppose -4*i + b - 13 + 198 = 0, 5*b + 126 = 3*i. What are the prime factors of i?
47
Suppose -4*o = 5*j - 82, -2*j = -o + 4 + 10. Suppose 3*m + 0 = o. What are the prime factors of m?
2, 3
Let q = -93 + 49. Let m = -26 - q. List the prime factors of m.
2, 3
Suppose 5*i - 425 - 195 = 0. What are the prime factors of i?
2, 31
Let z(l) = -3*l - 9. Let t be 4/2 - (7 + 3). List the prime factors of z(t).
3, 5
Let u(r) = r**3 - 2*r**2 - r + 101. Let b be u(0). Suppose 5*p + b = 4*s - 103, -3*s + 153 = 4*p. What are the prime factors of s?
3, 17
List the prime factors of (-224)/(-6) + (-8)/24.
37
Let s(a) = -a**2 + 9*a + 4. Let y be s(9). Let n = y + -8. Let o(g) = -g - 2. List the prime factors of o(n).
2
Let h = 105 - -27. List the prime factors of h.
2, 3, 11
Suppose -5 = 2*l - 13. Let x = 17 - l. List the prime factors of x.
13
Suppose 0 = -k - 4*w + 38, 2*k = -0*k - 2*w + 76. List the prime factors of k.
2, 19
Let g = 12 - 7. Suppose 4*n = g*n - 8. What are the 